Let n(m) = 4*d(m) + y(m). Give n(2).
0
Let l(b) be the third derivative of -b**4/3 + b**3/6 + 3*b**2. Give l(1).
-7
Let f(d) = -d**2 - 8*d - 3. Let h be f(-7). Let x(z) = -5*z + 0 - h + 2*z + 2*z**2 + 0. Determine x(3).
5
Let z be 2 + (2 - -1 - 2). Suppose 0 = -a - 2 - z. Let q(g) = g**2 + 5*g + 5. What is q(a)?
5
Suppose r - 22 = -7. Let p be 54/r*25/15. Let l(q) = -q + 5. Give l(p).
-1
Let r(o) = -5*o + 7. Let k(f) be the third derivative of 0*f**3 + 1/24*f**4 + 0 + 0*f + f**2. Let t(b) = 6*k(b) + r(b). Calculate t(-3).
4
Let k(g) = -5*g**3 + 2*g**2 + 4*g + 4. Let j(c) = -c**3 - c**2 - c - 1. Let w(u) = 3*j(u) + k(u). What is w(-1)?
7
Let c(a) be the second derivative of -a**5/20 - a**4/3 + a**3/6 - a**2 - 3*a + 5. Let p = 0 - 4. Calculate c(p).
-6
Let g(t) be the first derivative of t**3/6 + 3*t**2/2 - 2*t - 2. Let f(n) be the first derivative of g(n). What is f(3)?
6
Let d(v) = 2*v + 6. Let f be -1*(-106)/(-18) - 2/18. Determine d(f).
-6
Let z(g) = -g**2 - g + 1. Let x(o) = 5*o**2 + 9*o - 3. Let f(d) = -x(d) - 4*z(d). Let k(w) = -w - 2. Suppose -4*i + 3 + 5 = 0. Let c be k(i). Calculate f(c).
3
Let r(y) = -y**3 + 13*y**2 - 12*y - 3. Let z be r(12). Let g(p) = -p**3 - 2*p**2 + 3*p + 1. Let u be g(z). Let v(x) = -9*x + 1. Determine v(u).
-8
Let x(h) be the second derivative of 1/2*h**3 + 0 - 1/12*h**4 + 4*h - 3/2*h**2. Let j(f) = -2*f. Let t be j(-2). What is x(t)?
-7
Let u(t) = -15*t**2 + t + 12*t**2 - 4*t. Give u(-2).
-6
Let c(j) = -j**3 + 3*j**2 + 2*j - 1. Suppose 0 = 25*a - 29*a - 8. Give c(a).
15
Let z(a) = -a**3 + 6*a**2 + a + 3. Suppose 0 = 4*b - 0*b + 5*g - 4, 5*b - 10 = -5*g. Give z(b).
9
Let p = -3 - -1. Let b(f) be the second derivative of f**5/20 + f**4/12 - f**3/2 - f**2/2 - 7*f. Give b(p).
1
Let r(d) be the third derivative of d**4/12 + 4*d**3/3 + d**2. Determine r(-7).
-6
Let v = -1 + 1. Let i(y) = -1 + v - 2*y + 5 + 0. Calculate i(5).
-6
Let m(i) be the first derivative of -i**4/24 - 5*i**3/2 - i**2/2 + 5. Let h(d) be the second derivative of m(d). Calculate h(0).
-15
Let j = 59 - 55. Let s(t) = t**3 - 6*t**2 + 7*t - 4. Give s(j).
-8
Suppose -2*n + 7*h + 4 = 3*h, -2*n = -3*h - 2. Let d(z) = -z**2 - 10*z + 6. Let r be d(-10). Let y(l) = 2 + 3 + l**3 - r - 3*l. What is y(n)?
-3
Suppose -5 - 3 = -4*q. Suppose 2*u - 5*n - 37 = -2*u, q*n = -3*u - 1. Let i(s) = -s + 0*s**3 - 8*s**2 + 9*s**2 + 2*s**u. Calculate i(1).
2
Let g(p) = -1 + 3*p - 2*p**2 - p**3 + 5*p**2 - 5*p. Let n = -1 + 4. Calculate g(n).
-7
Suppose -2*p - 3*j = -j - 28, -4*j + 68 = 5*p. Suppose -3*c - p + 3 = 0. Let x(m) = -m**2 - 2*m - 4. Calculate x(c).
-7
Let g(c) = -c - 1. Let u be g(-3). Let x(d) = -2*d + 4*d**2 - 3 - d**2 - 2*d**u. Let o be ((-8)/(-3))/(2/3). Give x(o).
5
Let h be ((-4)/(-3))/((-4)/(-6)). Let s(p) = p**2 - 2*p - 17. Let l be s(7). Let b(w) = -4 + 4*w**h - w**3 - 21*w + 0*w**2 + l*w. Give b(3).
-4
Let w(r) = 2*r. Suppose -2 = -2*d + 2*y, -y - y - 5 = d. Let t be w(d). Let m(a) be the third derivative of a**5/30 + a**4/24 + a**3/6 + 7*a**2. Calculate m(t).
7
Let z(g) = -g**2 + g + 1. Suppose -6*q + 5*s = -4*q - 75, -2*q + 63 = -s. Suppose -2*u - 10 = -5*m - q, 4*m = u - 16. Let w be (u/1 - 0) + -1. Calculate z(w).
-1
Let c(v) = -11*v**3 - 2*v**2 - 3*v - 2. Let y(k) = -12*k**3 - 2*k**2 - 2*k - 1. Let f(n) = -2*c(n) + 3*y(n). Give f(1).
-15
Let t be (2 - -1) + (-6 - -7). Suppose 0 = t*b + i + 33, 4*i + 10 = 2*i. Let y(g) = -g - 5. Determine y(b).
2
Let y(v) = -37*v**3 - 4*v**2 - 11*v - 9. Let g(j) = 19*j**3 + 2*j**2 + 6*j + 5. Let p(r) = 7*g(r) + 4*y(r). Determine p(-1).
14
Let p(x) = 4 - 8 - x + 3 - x. Determine p(1).
-3
Let z(k) = k**3 + 2*k**2 + 2*k - 2. Suppose t + 2 = -1. Let g(y) = -2*y + 9. Let d be g(7). Let i = d - t. Give z(i).
-6
Let f(w) = 2*w**2 + 3*w + 2. Let z(x) = -x**2 - 2*x + 6. Let k be z(-5). Let d = -12 - k. Give f(d).
11
Let j(p) = p**2 + 6*p - 5. Suppose 4*l + l + s + 61 = 0, -3*l - s = 35. Let w = 8 + l. Give j(w).
-10
Let d(j) = j - 2*j + 0*j - 3 + 0. Suppose -3 = 3*c - n + 3*n, 2*c - 2*n + 12 = 0. Let y(f) = -f - 6. Let u be y(c). Determine d(u).
0
Let b be 0 + 0 + (-3)/1. Suppose -4*s - g + 2*g = -4, 4*s - 5*g + 12 = 0. Let q(n) = 0*n**2 - n**2 - 3*n + s - n + n. Calculate q(b).
2
Let h(l) be the third derivative of -l**4/24 + l**3/6 - 5*l**2. Give h(5).
-4
Let z be 1*-13*(-4 - -3). Let a(q) = -z*q + 7*q + 7*q - 7. What is a(0)?
-7
Let x(a) = a**2 + 4*a + 7. Let h(u) = u**3 + 8*u**2 - 5*u + 31. Let y be h(-9). Give x(y).
12
Let b(h) = -4*h - 4*h**2 + 3*h + 7*h**2. Let t(q) = q + 4. Let s be t(-6). Calculate b(s).
14
Let k(h) = -2*h + 1. Let l(o) = -7*o - 6. Let x(n) = 13*n + 11. Let j(y) = -11*l(y) - 6*x(y). Let c(m) = -5*j(m) + 3*k(m). What is c(3)?
0
Let y be (-2)/(-6) + 19/(-3). Let v(f) = f**3 + 10*f**2 + 4. Let b be v(-10). Let j(p) = -3 - 2*p + 3*p + b + 8. Calculate j(y).
3
Let x(s) be the third derivative of s**6/120 - s**4/24 + s**3/2 - s**2. Let z be 0/(-2) - 0/(-3). Give x(z).
3
Let j(k) = k**3 - 2*k**2 + k + 1. Suppose -5*z + 60 = -3*a, -12 = 4*z - 5*z + a. Let q = z + -10. What is j(q)?
3
Suppose 4*w = -5*g - 14 - 0, -2 = -g. Let f be (4/w)/((-6)/9). Let o(u) = -u**3 + u**2 + u. Calculate o(f).
1
Let o(c) = 15*c**3 - 14*c**3 - 3*c**2 - 3*c - 5 + 0*c**2. Determine o(4).
-1
Let u(c) be the third derivative of c**4/3 - c**3/6 + c**2 + 25. Determine u(1).
7
Let p(j) = j - 1. Let l(x) = -2*x - 4. Let i(f) = l(f) - 3*p(f). Calculate i(1).
-6
Let u(z) = 2*z**2 - 2*z. Suppose t = -5*w - 0*t + 5, 4*w - 2*t - 4 = 0. Let r = 3 - w. Give u(r).
4
Suppose 0 = -0*a - 5*a - 3*p + 35, -2*a = -2*p + 2. Suppose -q = -a*q. Suppose v + 2 + 2 = q. Let o(m) = m**3 + 3*m**2 - m + 2. What is o(v)?
-10
Let x(m) = -m**2 + 10. Let y(w) = w**2 - 2*w - 3. Let n be y(3). Give x(n).
10
Let f(t) = t**3 - 8*t**2 - t + 9. Let v be f(8). Let h(r) = 10*r + 1. Give h(v).
11
Let y(f) = 18*f - 6*f - 2*f - 3 - 6*f. Give y(2).
5
Let x(m) = 3*m**3 + 3*m**2 + 2. Let v(l) = -7*l**3 - 5*l**2 - l - 4. Let t(r) = 4*v(r) + 9*x(r). What is t(6)?
14
Suppose -2*b + 7 + 3 = g, -4*b = -g - 14. Let p(a) = -g*a + 1 - 1 + 0*a. What is p(2)?
-4
Suppose 5 = -w - m, 3*w + 4 = -m - 1. Let b(f) = f**3 - f**2 + w*f**3 + 4 + 0*f**2. Determine b(0).
4
Let x(h) be the third derivative of 0 + 0*h + 0*h**3 - 1/24*h**4 + 7/60*h**5 - 3*h**2. What is x(1)?
6
Let d(h) = 5*h**2 + 7. Let i(y) = -11*y**2 - 15. Let b(v) = 13*d(v) + 6*i(v). Let t be 1 - 1*(0 + 2). Calculate b(t).
0
Let h(n) = -19*n**3 - n**2 + n. Suppose 0 = -6*s + 12*s - 6. Determine h(s).
-19
Let a(x) = x**3 - 9*x**2 - 10*x + 2. Let b be a(10). Let q(p) = 2*p - b*p - p + 1 + 6*p. Give q(-2).
-9
Let x(w) = w**3 - 2*w**2 + 2*w - 1. Suppose 3*h = -3*h + 12. Determine x(h).
3
Let i(o) = -6*o. Let r(m) = -1. Let j(u) = i(u) + r(u). What is j(-1)?
5
Let k be (-3 - -1 - -4)/(-2). Let y(q) be the second derivative of q**4/12 - q**2/2 + q. Determine y(k).
0
Let r(z) be the first derivative of 13*z**3/3 + z**2/2 + z + 21. Calculate r(-1).
13
Let m(b) = 2*b - 2. Let a(o) = o**2 + 6*o - 5. Let f be a(-7). Let t be m(f). Let j(y) = -2*y**2 + y + 1. Determine j(t).
-5
Let p = -12 + 15. Let u(o) = -7*o**2 + 9 + 0*o - 2*o - 48*o**3 + 49*o**p. Calculate u(7).
-5
Suppose -4*q = q. Suppose 4 = -l - q. Let x(i) = -2*i**2 + 2*i - 1. Let p(j) = 5*j**2 - 7*j + 2. Let o(g) = 3*p(g) + 8*x(g). Determine o(l).
2
Let i(a) = a + 5. Let k = -9 + 5. Let q be i(k). Let j(b) = 3*b + 1. Determine j(q).
4
Suppose -1 - 5 = 2*y + 4*d, -5*d = -3*y + 35. Let x(i) = i + y*i + 5*i. Calculate x(-1).
-11
Let p(s) = 3*s + 3 + 2*s - s - s. Calculate p(-2).
-3
Let i(c) = -c**2 + 5*c - 3. Suppose 0 = 4*z + 5*o - 18, -z + 2*z = 5*o + 17. Determine i(z).
-17
Let s(h) = 40*h**3 + 6*h**2 + 2*h - 21*h**3 - 8 - 20*h**3. Give s(6).
4
Let n(z) = -11*z**3 - 3*z**2 - z - 3. Let k(w) = -37*w**3 + 14*w**3 - 3*w - 6*w**2 - 7 + 2*w**2 - 3*w**2. Let s(m) = -2*k(m) + 5*n(m). Calculate s(1).
-10
Let p = 5 + -3. Let x(r) = r**p - 5 + r + 3*r + 2*r. Calculate x(-6).
-5
Suppose -5*q + 3*y - 2 + 26 = 0, y - 9 = -4*q. Let i(v) = v**q - 13 + 4 - 3*v**2 + 5 - 3*v + 6. Give i(4).
6
Let d(j) = j**3 - 8*j**2 + 7*j - 6. Let z be d(7). Let b(i) = -i**3 - 7*i**2 - 6*i - 2. Give b(z).
-2
Suppose 0 = -4*k - k + 20. Let m(b) = -5*b - k + 10 + 2*b**2 - b**2 + 12*b. Give m(-6).
0
Let r = 23 - 